hat are the prime factors of d?
2, 3, 5
Suppose -8 + 45 = 2*y + g, 5*y + 4*g = 100. Suppose -2*k - y = -3*s, -5*k + 3*s = 1 + 39. List the prime factors of 385/14*k/(-10).
2, 11
Let f be ((-4)/(-8) - 1)/((-3)/72). List the prime factors of (-5)/(10/12)*(-114)/f.
3, 19
Suppose 2*d - 8*d = 78. Let p(z) = -z**3 - 14*z**2 - 18*z + 16. List the prime factors of p(d).
3
Let i be (-112)/6*(-504)/49. Suppose -i = -2*n - 62. List the prime factors of n.
5, 13
Suppose -9*q = -6*q + 30. Let y = 22 + q. List the prime factors of y.
2, 3
Let n = -14 - -20. Suppose -n*j + 156 = -3*j. Suppose 3*s + 2*p = j, 2*s + 4*p + 40 = 5*s. List the prime factors of s.
2
Let a be 3 + 0*(-3)/(-6). What are the prime factors of 364/12*a + 1?
2, 23
Let w = 1 - 3. Let o(j) = -j**2 + 3*j - 1. Let d(c) = -2*c**2 + 2*c - 2. Let q(h) = w*d(h) + 3*o(h). What are the prime factors of q(-6)?
7
Suppose 0 = 143*t - 116*t - 107406. List the prime factors of t.
2, 3, 13, 17
List the prime factors of ((-5466)/12)/(15/(-180)).
2, 3, 911
Suppose -k - 4 = -10*d + 9*d, 20 = 3*d + k. Let l(o) = o**2 - o - 3. Let j be l(3). Suppose -j*p = -d*p + 96. What are the prime factors of p?
2
Let d(y) = -31*y + 9. List the prime factors of d(-4).
7, 19
Let o(z) = 3*z + 2. Let m = 1 - -2. What are the prime factors of o(m)?
11
Let o(n) = 4*n**2 + 19*n - 152. What are the prime factors of o(25)?
3, 941
Suppose -8*s - 2993 = -8105. List the prime factors of s.
3, 71
Let b = -359 + 707. What are the prime factors of b?
2, 3, 29
Let y(b) = -3*b**3 + 13*b**2 + 25*b + 45. List the prime factors of y(-8).
2213
Suppose 4*n = -0*n + 460. Let x(t) = t**3 + 4*t**2 - 7*t - 1. Let i be x(-5). Suppose -n = -i*l + 4*l. List the prime factors of l.
23
Let s = 1158 + 1143. What are the prime factors of s?
3, 13, 59
Let c(d) be the third derivative of -1/60*d**5 - 2/3*d**3 + 1/8*d**4 - 1/120*d**6 + 0 + 0*d + 3*d**2. List the prime factors of c(-4).
2
Suppose 6*a = 494 + 40. List the prime factors of a.
89
Suppose 2*w = -43 + 2765. What are the prime factors of w?
1361
Let g(y) = -y**2 - 9*y - 14. Let a be g(-7). Suppose 2*w - 5*x - 114 = -3*x, a = 4*x - 20. List the prime factors of w.
2, 31
Suppose 5*q + 6 = 16. Suppose 6*s = q*s + 16. List the prime factors of s.
2
Suppose 0*h + 2*j = -3*h + 16, 3*j - 11 = 2*h. What are the prime factors of 9/3 + 138 + h?
11, 13
Let n(u) = -7 - 8*u + 12 + 13. Let k be n(-7). Suppose 4*h - 14 - k = 0. List the prime factors of h.
2, 11
Let f = 67 + -48. Let n = 21 - f. Let g = 32 - n. List the prime factors of g.
2, 3, 5
Let z be (-3)/3 + 65*2. Let g = z - 64. List the prime factors of g.
5, 13
Suppose -118 = 2*y - 4*w, -5*w - 2 - 8 = 0. Let u(x) = 2*x**2 - 18*x + 19. Let g be u(12). Let l = g + y. List the prime factors of l.
2, 7
Suppose 11 - 75 = -8*l. Suppose 5*s - 157 = l. List the prime factors of s.
3, 11
Suppose -5*l + 309 = -56. What are the prime factors of (-4)/(-6) + l/3?
5
Let w(q) = 68*q**3 - q**2 + q + 2. List the prime factors of w(2).
2, 17
Let k(a) = a**3 + 43*a**2 - 19*a - 60. What are the prime factors of k(-42)?
2, 3, 139
Suppose -6*j - 2*j + 24 = 0. Let m = j + 2. Suppose 348 = m*g + g. List the prime factors of g.
2, 29
Let i(k) be the second derivative of k**4/12 + k**2 + k. Let u be i(6). Suppose -18 = -4*c + u. List the prime factors of c.
2, 7
Suppose 5*z - z - 16 = 0. Suppose -z*f + f = -9. Suppose -f*r + r = -62. What are the prime factors of r?
31
Let q = 80 - 8. Suppose -2*z = -q - 26. What are the prime factors of z?
7
Suppose 3*k - 705 = -5*p, 4*p - 3*p - 2*k = 128. What are the prime factors of p?
2, 3, 23
List the prime factors of -5*(-6)/(-60)*-710.
5, 71
Let j be ((32/(-3))/(-2))/((-10)/480). Let k = j - -377. What are the prime factors of k?
11
Suppose -4*r - 24 = -68. Let o(s) = -s**2 + 11*s + 6. Let h be o(r). Suppose -h = -2*k + 2. List the prime factors of k.
2
Suppose 6*d - 8*d = 0. Suppose 4*z - 378 = -z - 4*p, d = -3*p - 9. List the prime factors of z.
2, 3, 13
List the prime factors of -316*(-4)/6 + (-11)/(-33).
211
Let b(r) = 1 - r**3 - r + 2*r + 0*r**2 - 2 + 3*r**2. Let q be b(3). Suppose -2*f + 5*p - 17 = -0, -q*p = -10. What are the prime factors of f?
2
Let w(i) = 227*i**2 + 49*i + 92. List the prime factors of w(-2).
2, 11, 41
Let f(y) = 29*y**2 + 8*y + 16. Let t be f(6). List the prime factors of ((-2)/6)/(t/(-276) - -4).
23
Let g(u) = -45*u**3 + u. Let i = 25 - 26. What are the prime factors of g(i)?
2, 11
Suppose 0 = 10*z + 10*z - 15880. What are the prime factors of z?
2, 397
Suppose -86*w = -74*w - 35136. List the prime factors of w.
2, 3, 61
Let n(a) = -a**3 - 10*a**2 - 10*a - 3. Let y = 50 - 60. What are the prime factors of n(y)?
97
Let k(v) = 6*v**2 + 4*v + 1. Suppose -14 = -p + 3*y, p + 2*y + 1 + 0 = 0. List the prime factors of k(p).
3, 19
Let n be 55/22*8/10. Let k = 1 + n. Suppose k = 2*d - 17. What are the prime factors of d?
2, 5
Suppose 2*k = -2*k - 5*r + 32, 2*k + r - 16 = 0. Let h(w) = -6*w - k + w**2 + 6*w + w - 11*w. List the prime factors of h(11).
3
Let k(v) = -2*v**3 + v**2 + 5*v + 1. List the prime factors of k(-6).
439
Suppose -3*d = 5*g - 2757, -4*d - 11*g = -6*g - 3676. What are the prime factors of d?
919
Suppose 0*k - 20 = -2*k. Suppose -12*u = -k*u - 276. List the prime factors of u.
2, 3, 23
Suppose -5*d = 2*q - 18, -2*d - 5*q = 2*d - 28. Suppose -d*x + c = 2*x - 9, 3*x - 5 = -c. Suppose -x*m + 395 = 3*m. List the prime factors of m.
79
Let b(j) be the second derivative of j**3/2 - 6*j**2 - 5*j. Let a be b(10). Suppose -4*h + 198 = -a. List the prime factors of h.
2, 3
Suppose -2*o = 8*t - 4*t - 100, t = o - 41. List the prime factors of o.
2, 11
Suppose 0 = -m - 2*m + q + 2170, 0 = -5*m + 2*q + 3618. What are the prime factors of m?
2, 19
Let s be (6/(-9))/(18/(-4509)). Suppose 5*c - 12 = 13. Suppose s - 57 = c*g. List the prime factors of g.
2, 11
Let z(r) be the second derivative of 13*r**3/6 + 27*r**2/2 - r. List the prime factors of z(8).
131
Let c(f) = f**2 - f - 3. Let p be c(3). Suppose -4 = -i - 3*y + 1, 0 = 5*i + p*y + 11. What are the prime factors of 4/(-16) - 69/i?
17
Let r(g) = g**2 + 3*g. Let w be r(-3). Suppose w = -2*h - 2*i + 238, 5*h + 0*i = 3*i + 635. List the prime factors of -1*(-4)/16*h.
31
Let c = -49 - -41. List the prime factors of 3/(12/c) - -12.
2, 5
Suppose 5*v = p + 495, -6*v = -3*v - 4*p - 280. Let q = v + -28. List the prime factors of q.
2, 3
Let a(z) = 2*z + 4. Let v be -7 - (0/(-2))/4. Let q be a(v). Let l = 14 + q. List the prime factors of l.
2
Let c = -1505 - -2899. What are the prime factors of c?
2, 17, 41
Let i = 331 + 1384. What are the prime factors of i?
5, 7
Let x(c) be the first derivative of -c**3/3 - 2*c**2 + 3. Let j be x(-3). What are the prime factors of 2 + (0 - j - -6)?
5
Suppose -w - 19 = -4*b - 6*w, 3*b - 13 = -5*w. Suppose 0 = -2*j + 4*j + b. What are the prime factors of (5 + -3)/(j/(-6))?
2
Suppose 5*x = 49 + 21. Let p be (6/8)/((-1)/12). Let b = p + x. List the prime factors of b.
5
Let i(o) = -o - 8. Let b be i(6). What are the prime factors of ((-4)/b)/(21/441)?
2, 3
Suppose 2*o = -g + 93, -2*g = 2*g - 2*o - 362. Suppose -3*z = 5*m - g, m - z = z + 13. What are the prime factors of m?
17
Suppose 4*k + q + 4*q - 45 = 0, -4*k = -5*q + 5. Suppose -6*j = -7*j. Suppose j = k*c - 14*c + 621. What are the prime factors of c?
3, 23
Let r(d) = 28*d - 336. List the prime factors of r(57).
2, 3, 5, 7
Let v be (4 + -312)/(-1) - 1. Suppose -3*s = -35 - v. List the prime factors of s.
2, 3, 19
Suppose p + 6 - 17 = 0. Suppose p*l + 215 = 16*l. List the prime factors of l.
43
Let n be 35/21 + 1/3. Suppose -n*f - 4*w - w = -48, -4*f = 5*w - 76. What are the prime factors of f?
2, 7
Let z = -369 + 249. Let o be z/21 - (-4)/(-14). List the prime factors of o*2*72/(-32).
3
Let q(w) = -8*w + 12 + 69*w**2 - 4 - 17*w**2 - 15*w**2. What are the prime factors of q(2)?
2, 5, 7
Suppose -x + 0*x = -353. Suppose w = -0*w + x. What are the prime factors of w?
353
Let j(z) = -56*z + 400. List the prime factors of j(-27).
2, 239
Let v be 28/(-6)*(-45)/30. Let t(p) = 11*p - 19. List the prime factors of t(v).
2, 29
Let m(h) = 2*h**2 - 13*h + 16. Let k = 35 - 24. List the prime factors of m(k).
5, 23
Let x(o) = -2*o. Let y be x(-5). Let f be 8*(-2)/(2 - 4). Suppose -3*z -